s of 159?
3, 53
List the prime factors of 7587.
3, 281
What are the prime factors of 4414?
2, 2207
What are the prime factors of 4016?
2, 251
What are the prime factors of 3078?
2, 3, 19
What are the prime factors of 713?
23, 31
List the prime factors of 20933.
11, 173
List the prime factors of 117512.
2, 37, 397
List the prime factors of 10487.
10487
What are the prime factors of 1517?
37, 41
What are the prime factors of 9314?
2, 4657
What are the prime factors of 1543?
1543
What are the prime factors of 8055?
3, 5, 179
List the prime factors of 4893.
3, 7, 233
What are the prime factors of 730?
2, 5, 73
What are the prime factors of 80907?
3, 149, 181
What are the prime factors of 47480?
2, 5, 1187
List the prime factors of 1669.
1669
What are the prime factors of 409?
409
What are the prime factors of 2544?
2, 3, 53
What are the prime factors of 826?
2, 7, 59
What are the prime factors of 8893?
8893
List the prime factors of 1562.
2, 11, 71
List the prime factors of 2838.
2, 3, 11, 43
List the prime factors of 2068.
2, 11, 47
What are the prime factors of 18743?
18743
List the prime factors of 37199.
37199
List the prime factors of 15189.
3, 61, 83
List the prime factors of 2488.
2, 311
What are the prime factors of 15462?
2, 3, 859
What are the prime factors of 31825?
5, 19, 67
List the prime factors of 25014.
2, 3, 11, 379
What are the prime factors of 1877?
1877
What are the prime factors of 8957?
13, 53
List the prime factors of 7333.
7333
List the prime factors of 27674.
2, 101, 137
What are the prime factors of 8564?
2, 2141
List the prime factors of 26826.
2, 3, 17, 263
What are the prime factors of 246?
2, 3, 41
List the prime factors of 577.
577
What are the prime factors of 88404?
2, 3, 53, 139
List the prime factors of 48350.
2, 5, 967
What are the prime factors of 1757?
7, 251
List the prime factors of 642.
2, 3, 107
List the prime factors of 6107.
31, 197
What are the prime factors of 1669?
1669
List the prime factors of 29.
29
What are the prime factors of 4692?
2, 3, 17, 23
List the prime factors of 427.
7, 61
What are the prime factors of 1719?
3, 191
What are the prime factors of 5842?
2, 23, 127
What are the prime factors of 29057?
7, 593
What are the prime factors of 27800?
2, 5, 139
What are the prime factors of 32434?
2, 16217
List the prime factors of 4037.
11, 367
List the prime factors of 18664.
2, 2333
What are the prime factors of 743?
743
List the prime factors of 88058.
2, 44029
What are the prime factors of 15378?
2, 3, 11, 233
List the prime factors of 513.
3, 19
List the prime factors of 853.
853
List the prime factors of 446.
2, 223
List the prime factors of 55697.
55697
What are the prime factors of 251?
251
What are the prime factors of 1297?
1297
What are the prime factors of 2235?
3, 5, 149
List the prime factors of 13217.
13217
What are the prime factors of 30074?
2, 11, 1367
What are the prime factors of 1066?
2, 13, 41
List the prime factors of 4744.
2, 593
List the prime factors of 40991.
179, 229
What are the prime factors of 13117?
13, 1009
What are the prime factors of 28516?
2, 7129
List the prime factors of 24388.
2, 7, 13, 67
What are the prime factors of 7997?
11, 727
List the prime factors of 768.
2, 3
List the prime factors of 3553.
11, 17, 19
List the prime factors of 9041.
9041
What are the prime factors of 20661?
3, 71, 97
What are the prime factors of 4253?
4253
List the prime factors of 1797.
3, 599
List the prime factors of 14543.
14543
List the prime factors of 408.
2, 3, 17
List the prime factors of 559.
13, 43
List the prime factors of 13938.
2, 3, 23, 101
What are the prime factors of 80927?
7, 11, 1051
What are the prime factors of 12983?
12983
List the prime factors of 1649.
17, 97
What are the prime factors of 28194?
2, 3, 37, 127
List the prime factors of 1356.
2, 3, 113
List the prime factors of 3244.
2, 811
List the prime factors of 4237.
19, 223
What are the prime factors of 337?
337
List the prime factors of 51455.
5, 41, 251
List the prime factors of 18328.
2, 29, 79
What are the prime factors of 134709?
3, 83, 541
List the prime factors of 1064.
2, 7, 19
What are the prime factors of 2025?
3, 5
What are the prime factors of 1811?
1811
What are the prime factors of 11703?
3, 47, 83
What are the prime factors of 2851?
2851
What are the prime factors of 6608?
2, 7, 59
List the prime factors of 1319.
1319
List the prime factors of 3547.
3547
What are the prime factors of 1430?
2, 5, 11, 13
What are the prime factors of 7177?
7177
What are the prime factors of 22756?
2, 5689
List the prime factors of 16183.
16183
List the prime factors of 613.
613
List the prime factors of 3122.
2, 7, 223
List the prime factors of 136155.
3, 5, 29, 313
List the prime factors of 9611.
7, 1373
List the prime factors of 5921.
31, 191
What are the prime factors of 2857?
2857
List the prime factors of 17021.
17021
List the prime factors of 7089.
3, 17, 139
What are the prime factors of 3058?
2, 11, 139
List the prime factors of 6894.
2, 3, 383
List the prime factors of 22734.
2, 3, 421
What are the prime factors of 27361?
27361
What are the prime factors of 4488?
2, 3, 11, 17
What are the prime factors of 20344?
2, 2543
What are the prime factors of 3055?
5, 13, 47
What are the prime factors of 3104?
2, 97
List the prime factors of 1332.
2, 3, 37
What are the prime factors of 47573?
113, 421
List the prime factors of 687.
3, 229
What are the prime factors of 27774?
2, 3, 1543
What are the prime factors of 262?
2, 131
What are the prime factors of 785?
5, 157
List the prime factors of 8406.
2, 3, 467
List the prime factors of 955.
5, 191
List the prime factors of 1715.
5, 7
List the prime factors of 4153.
4153
What are the prime factors of 51457?
7, 7351
What are the prime factors of 2255?
5, 11, 41
List the prime factors of 1566.
2, 3, 29
What are the prime factors of 186?
2, 3, 31
List the prime factors of 59738.
2, 7, 17, 251
What are the prime factors of 8947?
23, 389
What are the prime factors of 106164?
2, 3, 983
List the prime factors of 144516.
2, 3, 12043
What are the prime factors of 564?
2, 3, 47
List the prime factors of 2365.
5, 11, 43
List the prime factors of 8983.
13, 691
List the prime factors of 13980.
2, 3, 5, 233
What are the prime factors of 3468?
2, 3, 17
List the prime factors of 967.
967
List the prime factors of 56108.
2, 13, 83
List the prime factors of 19175.
5, 13, 59
List the prime factors of 6891.
3, 2297
What are the prime factors of 1845?
3, 5, 41
What are the prime factors of 340?
2, 5, 17
What are the prime factors of 737?
11, 67
List the prime factors of 839.
839
What are the prime factors of 623?
7, 89
List the prime factors of 7807.
37, 211
What are the prime factors of 3015?
3, 5, 67
List the prime factors of 43711.
43711
What are the prime factors of 2882?
2, 11, 131
List the prime factors of 25863.
3, 37, 233
List the prime factors of 1375.
5, 11
What are the prime factors of 1371?
3, 457
What are the prime factors of 29723?
29723
What are the prime factors of 56265?
3, 5, 11, 31
What are the prime factors of 79790?
2, 5, 79, 101
List the prime factors of 9054.
2, 3, 503
List the prime factors of 19906.
2, 37, 269
What are the prime factors of 20481?
3, 6827
List the prime factors of 30829.
30829
List the prime factors of 780.
2, 3, 5, 13
What are the prime factors of 1556?
2, 389
What are the prime factors of 10389?
3, 3463
List the prime factors of 11382.
2, 3, 7, 271
What are the prime factors of 808?
2, 101
What are the prime factors of 53167?
79, 673
What are the prime factors of 191141?
191141
List the prime factors of 2499.
3, 7, 17
List the prime factors of 150094.
2, 7, 71, 151
What are the prime factors of 2591?
2591
What are the prime factors of 13360?
2, 5, 167
List the prime factors of 65145.
3, 5, 43, 101
List the prime factors of 637.
7, 13
What are the prime factors of 2770?
2, 5, 277
List the prime factors of 170689.
170689
List the prime factors of 64580.
2, 5, 3229
List the prime factors of 19671.
3, 79, 83
What are the prime factors of 105?
3, 5, 7
What are the prime factors of 487?
487
List the prime factors of 28429.
28429
What are the prime factors of 90129?
3, 13, 2311
What are the prime factors of 80711?
43, 1877
List the prime fa